late u(g).
-3
Suppose 0 = -0*b + 5*b - 10. Let q(s) = 4 - 2*s**2 + 3*s - b*s + s**2. Give q(0).
4
Let u(b) = 3*b - b - 8 + 10 - 3*b - 2*b**2. Give u(-2).
-4
Let c(j) = -j - 2. Let n be c(-2). Let l(k) be the second derivative of k**6/720 - k**5/20 - k**4/6 + k. Let f(z) be the third derivative of l(z). What is f(n)?
-6
Let j(m) = m**3 - m**2 - 3*m - 1. Let l be (-6)/4 + 7/(-14). Determine j(l).
-7
Let y(f) = 8*f - 2. Let w(q) = -q. Let c(u) = -18*w(u) - 2*y(u). Let r(l) = 4*l**2 + l. Let p be r(-1). Suppose 2*s = -0*s + 2, -5 = p*d + 4*s. Give c(d).
-2
Let y(m) = -3 + 3 - 2*m. Calculate y(1).
-2
Let o(z) = 3*z**2 + 5*z**2 - 4*z**2 - z**2 - 3*z - 2 + z**3. Determine o(-4).
-6
Let b be 9/(-15) + 84/(-10). Let n = b - -4. Let a(t) = -t**2 - 4*t + 1. Determine a(n).
-4
Let r(s) be the second derivative of 1/20*s**5 + 1/2*s**2 + 1/6*s**3 - 1/3*s**4 + 0 + s. What is r(3)?
-5
Let w(k) = -k**3 + 6*k**2 - 5*k + 6. Let t = 38 + -33. Give w(t).
6
Suppose p = 2*p + 4*t, 5*p + 4*t = 0. Let f(l) = l**2 + 6. What is f(p)?
6
Let h(r) = 25*r - 4 + 7 - 24*r. What is h(-3)?
0
Let k(o) = o - 1. Let u(j) = 1. Let w(h) = 4*k(h) - 5*u(h). Determine w(6).
15
Let i(g) = g**2 + 5*g + 5. Let n be ((-18)/(-15))/((-3)/10). Let b be -2*(10/n + -1). Suppose 0 = -4*r - b - 13. Determine i(r).
5
Let l = 94 - 89. Let x(u) = u**2. Let p(f) = -f**2 - 5*f - 3. Let d(n) = p(n) + 2*x(n). Calculate d(l).
-3
Let h(j) be the first derivative of j**2/2 + 4*j - 2. Let p(s) = s**2 - 4*s. Let v be p(5). Suppose -6*m = -v*m + 5. Determine h(m).
-1
Suppose -2*n = -4*n + 4. Let y be ((-14)/12)/(23/(-138)). Let h(x) = -x**2 - 6*x + 0 - 1 - n + y. Determine h(-6).
4
Let s(o) = 3*o + o - 7 - 2*o. Let t be s(4). Let f(y) = 4*y + 2. Let z(u) = -u**3 + 9*u + 5. Let b(g) = 7*f(g) - 3*z(g). Give b(t).
3
Let c(a) be the third derivative of a**5/120 - 2*a**3/3 - a**2. Let p(u) be the first derivative of c(u). Determine p(-3).
-3
Let r(n) be the third derivative of -n**8/6720 - n**7/840 - n**6/360 - n**5/40 - n**4/8 - 3*n**2. Let z(u) be the second derivative of r(u). Calculate z(-3).
3
Let m(r) = r**2 - r - 2. Let x be ((-56)/70)/(2/5). Calculate m(x).
4
Suppose b = -5*c - 11, -2*c - 26 = -6*b + b. Suppose 2*j + 2*j - 20 = 0, -5*t + b*j + 5 = 0. Let f(w) = -2*w + 2. What is f(t)?
-8
Let k(l) = -2 - 4*l**2 - l + 0*l**2 + 5*l. Let n be 11/4 + (-3)/4. Determine k(n).
-10
Let b = 7 - 10. Let p = b - -3. Let c(m) = -2*m - m**3 + p*m**3 + 3*m - 4*m**2 + 3. Give c(-4).
-1
Let q(m) be the first derivative of -m**4/4 + 2*m**3 - 3*m**2 - 4*m + 12. Calculate q(5).
-9
Let m(l) = 6*l**2 - 5*l - 20. Let f(v) = -v**2 + v + 4. Let k(g) = 11*f(g) + 2*m(g). Suppose 7*c - 2*c = 0. Determine k(c).
4
Let m(y) = y**3 - y**2 - 3*y + 1. Let d(c) = -c**2 - c + 1. Let z(o) = -6*d(o) - m(o). Give z(8).
1
Suppose -31 = -4*x - 3*y, -5*x + y + 6 = -9. Let i be 5 - (3 + (3 - x)). Let m(f) = 3*f - 2. What is m(i)?
7
Let p(s) = 0 + 3*s**2 + 4*s**2 + 1 + 2*s. Let u be 2 + (-1)/3*0. Suppose 5*a + 3 + u = 0. What is p(a)?
6
Let a(s) = -s**2 - 2*s + 3. Suppose 3*j = 4*f - 8, 2 = f - 0*j - 3*j. Suppose 2*m - 8 + f = 0. What is a(m)?
-12
Let h(b) = -b**3 + 2*b**2 + 5*b - 2. Let d be h(3). Suppose 0 = d*q + q + 10. Let l(t) = -2*t**2 - t + 2. What is l(q)?
-4
Let c(r) = -r - 1. Let k(u) be the second derivative of u**5/20 - u**4/3 - u**3/3 - 11*u**2/2 + u. Let g(i) = -6*c(i) + k(i). Calculate g(4).
11
Let a be 4/2*4/(-8). Let n(l) be the second derivative of -l - 1/4*l**5 + 0 - 1/12*l**4 + 0*l**2 + 0*l**3. What is n(a)?
4
Let y(j) = -6*j + 3*j - 9*j. Suppose 5*r + 4 = r, -3*w = 5*r + 2. What is y(w)?
-12
Let y = 8 + -5. Let v(q) = -2*q**2 + 10*q - 3. Let u = 4 - 6. Let m(l) = l**2 - 5*l + 1. Let s(p) = u*v(p) - 5*m(p). Determine s(y).
7
Suppose 2*x + 2*x = 20. Let a(u) = u**3 - 5*u**2 - 2*u + 3. Give a(x).
-7
Suppose 4*b + 30 + 10 = 3*x, 0 = -4*b + 4*x - 44. Let w(q) be the third derivative of -q**4/12 - 5*q**3/3 - q**2. What is w(b)?
4
Let j(i) be the third derivative of -7/24*i**4 + 0*i + 1/120*i**6 + 5/6*i**3 - 1/20*i**5 - 2*i**2 + 0. Suppose -4*l + 17 = 1. Determine j(l).
-7
Let r(l) = -l + 107 - 107. Give r(6).
-6
Let w(g) = 3*g + 2. Let p(l) = l + 1. Let c(d) = -2*p(d) + w(d). Let f be 8/(-4)*(-1 + 0). Let v(y) = -2*y**2 + 2*y. Let b(a) = f*c(a) - v(a). Determine b(-2).
8
Let q = 6 + -1. Let x(i) be the first derivative of i**3/3 - 2*i**2 - 2*i + 16. Give x(q).
3
Let k(h) = 20*h - 21*h + 0 + 0. Let d = 2 + -2. Suppose d = -0*y + 2*y + 10. Determine k(y).
5
Let z(o) = -6*o**2 + 13*o**2 - 26*o + 27*o - 1 + o**3. What is z(-7)?
-8
Suppose 3*b + 2 = -4. Let q(m) = -m**2 - 2*m + 2. Let p(a) = 4*a**2 + 7*a - 7. Let j(t) = b*p(t) - 7*q(t). Let w be j(-1). Let c(i) = 7*i + 1. Calculate c(w).
-6
Suppose 2*m - f = -4*f, -2*f = m + 1. Suppose -k - 2*k - m*b = 12, 4*b = 0. Let p(r) = -r**3 - 3*r**2 + 3*r. Calculate p(k).
4
Let d(x) be the third derivative of x**3 + 6*x**2 + 0 + 0*x + 1/24*x**4. Determine d(-6).
0
Let m(a) be the second derivative of a**4/24 + 7*a**3/6 - 5*a**2/2 + 2*a. Let l(i) be the first derivative of m(i). What is l(-3)?
4
Suppose -3*j + 37 = -s - 4*s, 3*j - 29 = 4*s. Let v be s/6*9/(-6). Let y(o) = -o**2 - 2. Calculate y(v).
-6
Let b(v) = 4*v - 53. Let j be b(12). Let h(x) = 4*x + 2. What is h(j)?
-18
Let o(y) = y**3 + 7*y**2 - 8*y - 8. Let i(b) = 3*b**3 + 14*b**2 - 17*b - 17. Let r(q) = -2*i(q) + 5*o(q). Determine r(6).
-6
Let u(l) = -l - 3. Let c be u(-4). Let s(w) be the second derivative of 3*w**3/2 - w**2/2 - 4*w. Calculate s(c).
8
Suppose 0 = 2*p - 6, p + 14 = 2*k + 3*p. Let o be 66/8 - 5/20. Let t(g) = -g + k - o + 2*g. Give t(4).
0
Let b(k) = 4*k + 8*k**2 + 1 + 3*k - 1 - 6. Let j(f) = -f + 1. Let i(q) = b(q) + 6*j(q). Let z = -8 - -7. Give i(z).
7
Let z(l) be the first derivative of l**3/3 - l**2 - l + 4. Let r be 26/6 - 6/18. What is z(r)?
7
Let v(r) = 3*r**2 + r. Let p(l) = -5*l + 23. Let d be p(5). Give v(d).
10
Let i(t) be the first derivative of t**4/4 - 4*t**3/3 + 4*t - 14. Determine i(4).
4
Let r(j) = 0*j - j + 2*j - 3 + 6*j - j**2. Give r(6).
3
Let m = -8 + 0. Let b(y) = -5*y + 8. Let q(o) = 3*o - 5. Let s(u) = m*q(u) - 5*b(u). Calculate s(1).
1
Let f = 3 + -1. Let s(m) = 5*m + 7 - 1 - 5 + 5*m**2 - 4*m**f. Give s(-4).
-3
Let t(g) be the first derivative of 2*g**2 + 3*g + 12. Calculate t(-2).
-5
Let o = -4 - -2. Let p(b) be the second derivative of -b**5/20 - b**4/12 + b**3/3 - b**2 + 2*b. Let k(u) be the first derivative of p(u). Determine k(o).
-6
Suppose 10 - 1 = 3*d. Suppose 5*r + 1 = -v, 5*v - 2 = d*r - 7. Suppose r = -2*p - p - 18. Let c(j) = -j**3 - 6*j**2 - 2*j - 9. Give c(p).
3
Let n(v) = 5*v**3 + 13*v**2 - 9*v + 11. Let k(w) = 3*w**3 + 7*w**2 - 5*w + 6. Let q(m) = 7*k(m) - 4*n(m). What is q(3)?
1
Suppose 2*s - 9 = -0*s + 5*l, s - 3*l = 4. Let k(m) = s*m - m - 1 - m. Calculate k(1).
4
Let h(l) = 12*l. Let o be -5 - ((-10)/25)/((-4)/(-40)). Give h(o).
-12
Let k(x) = x**2 + 5*x + 4. Let m be 4*1/(1/(-1)). Let r be k(m). Let l(v) = v**3 + 0*v**2 - 3*v**2 + 2 + r*v**3. Determine l(3).
2
Let r be 2/((-7)/((-70)/(-4))). Let f(t) = t - 6. Determine f(r).
-11
Let u(q) be the third derivative of -q**4/8 + 5*q**3/3 + 24*q**2. What is u(7)?
-11
Let u(j) = 5*j**2 - 4*j - 5. Let g be u(4). Let w(s) = g + 0*s - 2*s - 61. What is w(-4)?
6
Let f(r) be the third derivative of -r**2 + 1/6*r**3 + 0*r + 0 + 1/12*r**4. Calculate f(3).
7
Let a(j) = -6*j + 4 + 3 - 8 + 5*j**2 + j**3 + 0*j. Determine a(-6).
-1
Let b(c) = -2*c + 10 + c - 15. Suppose 5*l + 20 = 9*l. Give b(l).
-10
Suppose 5*t - 6 = 19. Let f(a) = t + a - 12 + a. Calculate f(6).
5
Let j = 55 - 60. Let h(u) = -u - 7. Calculate h(j).
-2
Let o(v) = v**2 - v - 1. Suppose 4*s = 2*s - 4. What is o(s)?
5
Let i(z) = -6 + 0*z - z + 0 - 6. What is i(0)?
-12
Suppose 0 = v + 2 - 1. Let y(c) = c**2 - c. Let d(l) = -5*l**3 - 6*l**2 + 3*l. Let n(o) = -d(o) - 4*y(o). Calculate n(v).
-4
Let c(u) = -u. Suppose 4*q = -4*j - 8, -2*j = 2*j + 5*q + 8. Give c(j).
2
Let g(q) = -q**2 + 3*q + 3. Let v be g(3). Let k(a) = 2*a**2 - a**3 - 2 - v*a + 2 + 4 - 1. What is k(2)?
-3
Let s(l) be the third derivative of l**6/120 + l**5/15 + l**4/6 + l**3/2 + 16*l**2. Determine s(-2).
3
Let s(k) = -5*k - 7. Let q(a) = -9*a - 14. Let u be 18/45 + 106/10. Let f(n) = u*s(n) - 6*q(n). Determine f(3